 4*r = 65. Suppose 7*u - 4*u = z. What is the highest common divisor of u and 105?
15
Suppose 5*z - 6 = 14. Calculate the greatest common factor of z and 36.
4
Suppose 0 = 5*b - 3 - 2. Let v be 21/(-28)*-8*b. What is the highest common factor of v and 18?
6
Suppose -4*q - 2*z = 276 - 68, 3*q - 3*z + 156 = 0. Let x be 5/((-100)/q)*5. Calculate the highest common divisor of x and 104.
13
Suppose j = -0 + 30. Suppose 3*h = 201 + j. Suppose k = -p + 25, 3*k + p = -0*k + h. Calculate the highest common divisor of 65 and k.
13
Let n(x) = 1 - 2*x**2 + 2*x + 3*x - 4*x. Let z be n(2). Let t be z/2*24/(-4). What is the greatest common factor of 6 and t?
3
Suppose -5*d + 15 = -0. Suppose 16 = -5*q + 91. Calculate the highest common divisor of d and q.
3
Let y(u) = -u**3 + 4*u**2. Suppose 3*a - 26 = -4*n, a + 2*a - 4*n + 14 = 0. Let k be y(a). Calculate the greatest common factor of k and 24.
8
Let a(s) = -s**3 - 5*s**2 - 6*s - 2. Let l be a(-4). Suppose l*f - 4*f - 90 = 0. Let t = -14 - -32. What is the highest common factor of t and f?
9
Suppose 5*d + 6 = -2*h + 82, 5*h = -5*d + 70. Calculate the greatest common divisor of 16 and d.
16
Let m(t) = 2*t**2 - t**2 - 7*t + 3*t + t**2. Let q be m(-3). Calculate the greatest common divisor of q and 45.
15
Let s be 5 + 1 + -1 + 3 + -3. Calculate the highest common factor of s and 1.
1
Suppose 2*y - 6 = -4*f + 4, -f - 10 = 3*y. Let i = -9 - y. Let b(m) = m + 9. Let c be b(i). Calculate the greatest common factor of c and 2.
1
Let y(w) = w**2 - 8*w + 9. Let g be y(7). Suppose -g*q = -q - 55. Calculate the highest common divisor of 11 and q.
11
Let p(g) = -13*g + 11. Let w be p(-9). Calculate the highest common factor of w and 16.
16
Suppose 0 = -y - 4*u + 3 + 1, 12 = 3*y + 5*u. Let h = -8 - -13. Suppose -h*o + y = -16. What is the highest common divisor of 28 and o?
4
Let i(p) = -p**3 + 12*p**2 - 20*p - 10. Let o be i(5). Calculate the highest common divisor of o and 26.
13
Let c = -116 - -170. Calculate the highest common factor of 27 and c.
27
Suppose -9*h + 51 = -93. Calculate the greatest common factor of 24 and h.
8
Suppose -2*h + 3*r + 4 = 2*r, -h + 2 = -5*r. Let d be -1 + (40 + h - 1). Calculate the highest common factor of 10 and d.
10
Let v = 22 + -15. Let r be 2*3*46/3. Let d = r + -29. Calculate the highest common divisor of d and v.
7
Let i be (3 - 3*8/(-12))*3. Calculate the greatest common factor of 75 and i.
15
Suppose -3*s + 0 = -27. Calculate the greatest common divisor of s and 72.
9
Let r(f) = 4*f**2 - 5*f + 3. Let y be r(-6). Suppose 4*d - y + 65 = 0. Let n be ((-10)/(-25))/((-1)/(-10)). What is the highest common divisor of n and d?
4
Let u = 0 - -8. Let s = 45 + -19. Suppose -w + 14 = -s. Calculate the highest common divisor of w and u.
8
Suppose -2*j - j + 7 = 2*p, 3*p = -2*j + 23. What is the greatest common factor of p and 11?
11
Let i(m) = 15*m. Let v be i(1). Let x be (-2)/10 - 48/(-15). What is the greatest common divisor of v and x?
3
Let n(x) = 40*x**2 + 2*x + 1. Let o be 2*((-6)/4 + 1). Let j be n(o). Calculate the highest common divisor of 26 and j.
13
Let t be 2/7 + (-878)/(-14). Let u be (1 - -5)*2*(-12)/(-16). What is the highest common factor of t and u?
9
Let f be (-8)/20 - 8/(-20). Suppose f = -3*s + 2*s + 3*y + 12, -s + 16 = -y. Suppose -v + 0*v + 72 = 0. What is the highest common divisor of v and s?
18
Let v(p) = p - 1. Let k be v(4). Let y = 1 + -2. Let q = 2 - y. Calculate the greatest common divisor of k and q.
3
Let o be 29 + -2 + 1 + 2. Suppose 128 = -3*s + 5*q + 368, 0 = -s + q + 78. Calculate the highest common divisor of s and o.
15
Suppose 3*s - 98 + 26 = 0. What is the greatest common divisor of s and 168?
24
Let s = 17 + -10. What is the greatest common factor of 49 and s?
7
Suppose -u = 2*u - 198. Calculate the highest common factor of u and 6.
6
Suppose 55 + 25 = 5*j. Calculate the highest common divisor of j and 2.
2
Let i = 7 + -4. Let m = i - 2. Let p = -15 - -26. What is the greatest common factor of m and p?
1
Suppose 14*r - 1440 = 10*r. Calculate the greatest common divisor of r and 40.
40
Let d(i) = i**3 + 8*i**2 + 6*i + 2. Let z be d(-7). Let u be (-1)/(-3) - (-222)/z. Suppose 0 = 2*k + 2*k - 400. Calculate the highest common divisor of k and u.
25
Suppose -8*q - 96 = -14*q. What is the greatest common divisor of q and 128?
16
Let k(d) = -89*d**3 + d**2. Let a be k(-1). What is the greatest common divisor of a and 36?
18
Suppose v = s - 1, 0 = -2*v - 2*v - 2*s + 8. Let l be -6 + 8 + (v - -26). What is the greatest common factor of 319 and l?
29
Suppose 3*z - k = 2, 0*k - 2*k - 15 = 5*z. Let h be (1 - (0 - 0)) + z. Let r be -48*(h + -4 + 3). Calculate the highest common factor of r and 24.
24
Let v(n) = n**2 - n + 5. Let s be v(-4). Let f be 3/(45/6)*s. Calculate the greatest common divisor of f and 40.
10
Let t = -64 - -109. Suppose 5*n - 21 = -4*s + 5*s, 5*s - 2*n - 10 = 0. Suppose s + 1 = z. What is the greatest common divisor of t and z?
5
Let k(q) = -3*q**3 - 4*q**2 - 3. Let l be k(-3). What is the greatest common factor of 14 and l?
14
Let w = 51 + -30. Calculate the highest common divisor of w and 7.
7
Let z(v) = 5*v + 1. Let p be z(3). Suppose -4*l + 48 = -80. What is the greatest common divisor of p and l?
16
Let l(r) = -2*r + 3. Let p be l(2). Let h be (p/3)/((-1)/9). Suppose -2*f = d - 0 + 6, h*f = -d - 11. Calculate the greatest common factor of d and 32.
4
Let y(c) = -c**3 + 2*c**2 - 32*c - 97. Let v be y(-3). Suppose 4*h = 3*q - 214, 0 = 4*h + 24 - 8. What is the highest common divisor of v and q?
22
Let t = 147 + -90. What is the highest common factor of t and 19?
19
Let a(f) = f**2 + 9*f + 6. Let s be a(6). Suppose -2*b - b = -s. What is the highest common factor of b and 48?
16
Let d be -1 + (1 - 12) - -2. Let z be (-6)/18*(d + 1). Let s be 6/((-2)/(2 - z)). What is the highest common factor of s and 3?
3
Let h = 21 - 18. Calculate the highest common divisor of h and 12.
3
Suppose 0 = 3*r - 55 + 13. Suppose -2*i + i = -35. What is the highest common factor of r and i?
7
Let f be ((-3)/(-6))/(3/300). What is the greatest common factor of f and 5?
5
Let o be (-4)/(-26) + 6/(78/583). Let q = 33 + -18. What is the greatest common factor of q and o?
15
Let t(b) = b**2 - 15*b + 5. Let c be t(15). Calculate the highest common divisor of c and 15.
5
Suppose -z + 0*z - 570 = -5*s, 5*s + z = 580. What is the highest common divisor of 46 and s?
23
Suppose 0 = -u + 4*u + 57. Let f = u + 39. Let n = f - 2. Calculate the highest common factor of n and 18.
18
Suppose -7 = -d + 3*v, 0 = -5*d + 8*v - 3*v + 85. Suppose -3*w + 24 = -141. What is the greatest common divisor of d and w?
11
Suppose 0 = 5*s + 10 + 95. Let b be (6/4)/(s/(-28)). Suppose 5*t = b*z + 44, 0 = -t + 4*t + 3*z - 18. What is the highest common factor of 8 and t?
8
Let w(f) = f**2 - 3 + 6 - 3 - 3*f + 2. Let p = -5 - -8. Let i be w(p). Calculate the highest common factor of i and 18.
2
Let w(m) = m**3 + 16*m**2 + 14*m + 6. Let r be w(-15). What is the highest common factor of 3 and r?
3
Let r be (-1157)/(-7) + 10/(-35). Suppose z - 29 - 10 = g, 5*z + 5*g = r. What is the highest common divisor of 90 and z?
18
Let c(h) = 4*h + 3. Let l be c(3). Let t be -108*1*(-10)/8. What is the greatest common divisor of t and l?
15
Suppose -2*k = 3 - 1, -4*k + 396 = 5*j. Let x(r) = -r**2 - 7*r - 2. Let o be x(-3). Calculate the highest common divisor of o and j.
10
Let f be (-3 + 7)/((-10)/(-45)). What is the highest common factor of f and 90?
18
Suppose -j - b - 2 = 0, 0 = -j + b + 4 + 4. Let g = j - 2. What is the highest common factor of g and 8?
1
Let j be 12*((-15)/(-6) + 3). Suppose -5*t + 2*t - 3*g + j = 0, 2*t - 3*g - 34 = 0. What is the greatest common factor of 8 and t?
4
Suppose 0 = 2*g - 2, -g = -4*v - 4 + 19. Let n = 0 + v. Calculate the highest common factor of n and 8.
4
Let o(k) = 2*k + 1. Let c be o(4). Let r = 6 + c. Let b = -12 - -27. Calculate the highest common factor of r and b.
15
Suppose 0 = 18*r - 14*r - 880. What is the highest common factor of 20 and r?
20
Let i = 83 - 76. Calculate the greatest common factor of i and 63.
7
Suppose -4*z = -2*z - 70. What is the greatest common divisor of z and 7?
7
Let g(w) = w**2 - 14*w + 18. Let o be g(13). Suppose -3*x + 192 = o*z, 